23*r = 412032. What are the prime factors of r?
2, 3, 29, 37
Let v = -67073 + 96050. What are the prime factors of v?
3, 13, 743
Let w = 0 - -9. Let f(r) = r - 9. Let y be f(w). Suppose y*d + d - 2*h = 140, 0 = -2*d - 5*h + 235. List the prime factors of d.
2, 5, 13
List the prime factors of ((-246)/(-24) + -10)/(1 - (-922140)/(-922144)).
2, 28817
Let s = 5457 - -7580. What are the prime factors of s?
13037
Let m(n) = 2*n**3 - n**3 + 10*n**2 + n - 5 - 2*n. Suppose -5*g + 3*i - 40 = 0, -3*g + 6 - 30 = 3*i. What are the prime factors of m(g)?
131
Suppose -3*y + 180576 = r, 3*y + 5*r - 96566 = 84046. What are the prime factors of y?
3, 20063
Let g(w) = w**2 - 2*w - 4. Let a be g(4). Suppose -4*x = a*m - 22 - 18, 3*x - 10 = 2*m. List the prime factors of x/(-8) - 2345/(-28).
83
Let h(b) = -b**2 - 23*b - 24. Let q be h(-17). Let j be (q/18 - 1) + 2/3. Suppose -j*a - 164 = -4*f, -5*a + 11 = -0*f + f. List the prime factors of f.
2, 3
Let d(p) = -206*p + 5. Let w be d(-2). Suppose -2*c + 400 + 32 = -4*i, -i = 2*c - w. List the prime factors of c.
2, 3, 5, 7
Let n(f) = 0 + 12*f + 5 + 4 - 7*f + 647*f**2. List the prime factors of n(-1).
3, 7, 31
Let y(l) = -l**2 + 9*l - 1. Let m be y(6). Let k(q) = q**2 - 17*q - 31. Let x be k(m). Let r = -22 - x. List the prime factors of r.
3
Let d(x) = 3*x**2 - 108*x - 29. List the prime factors of d(-44).
10531
Let f(t) = -14*t**3 - t**2 + t + 2. Let s(g) = 56*g**3 + 5*g**2 - 5*g - 9. Let q = -27 - -25. Let y(m) = q*s(m) - 9*f(m). What are the prime factors of y(2)?
2, 5, 11
Let t = -2034 + 1404. Let r be (-1)/3 + t/(-27). Suppose r = 12*l - 769. What are the prime factors of l?
2, 3, 11
What are the prime factors of (-7)/(27 + 8) - (-4720518)/90?
2, 5, 1049
Suppose -c + 116*r + 9814 = 120*r, 2*r = 4*c - 39274. List the prime factors of c.
2, 4909
What are the prime factors of 40/(-6) - (-1)/(-3) - (-5181 - -62)?
2, 3, 71
Suppose -4*n + 20 = 0, -25*n + 167243 = 3*d - 24*n. List the prime factors of d.
2, 3, 19, 163
Let i(j) = -3*j + 21*j + 18*j**2 + j**3 - 48 + 21. List the prime factors of i(-15).
2, 3, 7
Let a be (-1648 - (-8 + 10))*(-2)/(-3). Let m = 1797 + a. What are the prime factors of m?
17, 41
Let u(q) = 3473*q - 3720. List the prime factors of u(23).
76159
List the prime factors of ((-56)/(-35))/(9*22/1425105).
2, 2879
Let t(z) = -z**3 - 22*z**2 + 25*z + 46. Let x be t(-23). Suppose -3*u = x, 2*u + 1557 = -8*q + 11*q. List the prime factors of q.
3, 173
Suppose -10*z + 7 = -123. Let w = z - -99. List the prime factors of w.
2, 7
Suppose -36*z - 225222 + 587305 = -911885. List the prime factors of z.
2, 3, 983
Let j(t) = -12*t + 16. Let q be j(2). Let g(c) = -2*c**3 - 13*c**2 + c - 6. List the prime factors of g(q).
2, 89
Let u(t) = -4*t - 77. Let d(q) = q + 19. Let p(r) = -9*d(r) - 2*u(r). Let h be p(0). Let l(v) = 2*v**2 + 30*v + 27. List the prime factors of l(h).
5, 19
Let p = -97 + 75. Let c be 19356/p + (-276)/66 + 4. What are the prime factors of -5 + (-7)/(35/c)?
3, 19
Let i be 14/119 - ((-166)/34 + 3). Suppose -646 = -3*k + 4*m + m, -i*m = 10. What are the prime factors of k?
3, 23
Let z be ((-24)/20)/(12/160). Let y = -11 - z. Suppose -y*s = s - 966. List the prime factors of s.
7, 23
Suppose -3*t - 5*m = 552, -4*t - 167 = -3*t - 4*m. Let v = 301 + t. Let l = 4 + v. List the prime factors of l.
2, 3, 7
Let x(v) = -2*v - 12. Let p be 18/22 - 1 - 159/33. Let f be x(p). What are the prime factors of 2140/16 + f/(-8)*1?
2, 67
Suppose -3*c + 77 - 56 = 0. Suppose 48 = -c*h + 384. List the prime factors of h.
2, 3
Let f = 36 - 31. Let v be (0 + 330)/f + (2 - 1). Suppose 0 = -5*b + v - 17. List the prime factors of b.
2, 5
Let i(a) = -3*a**3 + 157*a**2 - 33*a - 848. List the prime factors of i(-19).
11, 47, 149
Let u = 2119 + 2945. Suppose -55*c + u = -49*c. List the prime factors of c.
2, 211
Let p(m) = -6*m + 17. Let g be p(3). What are the prime factors of 5250/15 - 2*g?
2, 11
Let m = 23125 - 9971. List the prime factors of m.
2, 6577
Let o = -8 - -12. Suppose 2*n + 4*f + 6 = n, -50 = 3*n + o*f. What are the prime factors of (-1712)/n - (-40)/220?
2, 3, 13
Let l be (99 - 0) + (-6)/2. Let p be ((l/(-28))/4)/(1/7). Let r(y) = -y**3 - 5*y**2 + 5*y - 2. List the prime factors of r(p).
2
What are the prime factors of 8/(-36) + 31/18 - 660704/(-64)?
5, 7, 59
Let c(l) = -161*l - 995. List the prime factors of c(-69).
2, 13, 389
Let y = 8 + -10. Let b be 40/(-30)*3/y. Suppose 5*w - 285 = 3*f + 150, b*w = -4*f + 174. What are the prime factors of w?
3, 29
Let i = 1736 + -979. Suppose 1514 = 10*c - 8*c + 2*v, 0 = c - v - i. What are the prime factors of c?
757
Let i(x) = -19 + 37*x**2 + 17*x + 5*x - 4 - 36*x**2 + 1. List the prime factors of i(-26).
2, 41
Let s(t) = -7*t**3 + 36*t**2 + 2*t + 2. Let r be s(-4). Let j = -436 + r. What are the prime factors of j?
2, 3, 97
Let d be (-2)/(-3 + 374/124). Let m = d - -126. List the prime factors of (-3)/m*488/(-3).
2, 61
Let o = 37 - 51. Let k = o - -14. Suppose -24*v + 29*v - 345 = k. What are the prime factors of v?
3, 23
Let r(t) = 10*t + 7. Let q = 41 - 38. Suppose -3*k + 6*k = q*j + 33, 22 = 2*k - 3*j. What are the prime factors of r(k)?
3, 13
Suppose 0 = -2*t + 4, -2*l - 2*t = -l. Let q = -114 - -143. Let o = q + l. List the prime factors of o.
5
Suppose 3*k + 11 = -5*p, 4*k - 3*p + 2*p = -30. Let x(w) = 8*w**2 + w - 16. Let s be x(k). Let m = s + -234. What are the prime factors of m?
3, 5
Suppose 56*f - 2*x = 60*f - 3382, -2*x = 5*f - 4229. What are the prime factors of f?
7, 11
What are the prime factors of 94190/28*1 - (-4)/56?
2, 29
Let h(c) = -13 + 3*c + 10*c + 5*c**2 - 4*c - 6*c. What are the prime factors of h(3)?
41
Let y = -13 - -39. Let f(o) = -70*o - y*o - 38*o - 2. List the prime factors of f(-1).
2, 3, 11
Let s = 93 + -93. Let k be (s - 4) + 5 + (1785 - -2). Suppose -8*b = 316 - k. What are the prime factors of b?
2, 23
Suppose 0 = 2*r + 138 + 50. Let k = r + 98. Suppose 0 = -k*s + 384 - 16. List the prime factors of s.
2, 23
Let v(c) = 21*c**2 - 21*c + 48. Let y be v(5). Let o = 1093 - y. What are the prime factors of o?
5
Let t(l) = 14*l**2 - 5*l - 48. Suppose -4*q - 7 = -27, 4*f + 3 = -5*q. List the prime factors of t(f).
673
Let i(p) = -p**2 - 16*p - 52. Let o be i(-4). List the prime factors of (-2)/(o - (-28)/8) + 256.
2, 5, 13
Let t be (-20)/2*45/(-2) - 0. Let l = 267 + -122. Let q = t - l. List the prime factors of q.
2, 5
Let o(d) = 22*d**2 + 6*d**3 - 7*d**3 - 10 + 0*d**3 + 49*d. List the prime factors of o(24).
2, 7
Let o(a) = -2637*a - 1193. List the prime factors of o(-4).
5, 1871
Let w = 11154 + -6469. List the prime factors of w.
5, 937
List the prime factors of 54037/6 + (-5)/(-720)*12*-2.
2, 3, 19, 79
Let s = -2230 - -4803. Suppose -607 = -5*u + s. Suppose 0 = -53*t + 49*t + u. List the prime factors of t.
3, 53
Let f(a) = a**3 - 10*a**2 + 11*a + 1. Let w be f(8). Let n = 45 + w. Suppose -n*b + 63 = -327. List the prime factors of b.
5, 13
Let d(s) = 2887*s + 1877. What are the prime factors of d(4)?
3, 5, 179
Let y = 3152 - 1803. Let j = 2677 - y. What are the prime factors of j?
2, 83
Suppose 6*w - 2*w + 40001 = i, 159939 = 4*i - 3*w. List the prime factors of i.
3, 13327
What are the prime factors of (-11 - -7516) + 12 - (6 + -3 - 4)?
2, 3, 7, 179
Let w be -25 - ((-3)/3 + 1). Let t = 489 + -355. Let b = w + t. What are the prime factors of b?
109
Suppose 9087*f - 2*g - 73916 = 9083*f, 3*f + 5*g = 55385. What are the prime factors of f?
5, 739
Let m(p) = -28*p - 170. Let r be m(-6). Let z(w) = -355*w - 20. What are the prime factors of z(r)?
2, 3, 5, 23
Suppose 0 = -5*v + r + 63663, 36618 + 1579 = 3*v - r. List the prime factors of v.
7, 17, 107
Let p(d) = -d - 4 + 3*d + 7*d**2 + 4*d. Let n be p(-4). Suppose -2*q + 78 = -n. What are the prime factors of q?
3
Suppose 25*t + 47*t + 539097 = 85*t. List the prime factors of t.
3, 23, 601
Let o(k) = -498*k + 28. What are the prime factors of o(-7)?
2, 7, 251
Let z(u) = -123*u**3 - 4*u**2 + 33*u - 58. List the prime factors of z(-7).
2, 13, 401
Let c(a) = a + 5. Let g be c(-7). Let w be g - -11 - (0 + (-3 - -1)). Suppose -6*f - 420 = -w*f. List the prime factors of f.
2, 3, 7
Let i = 44545 - 29863. List the prime factors of i.
2, 3, 2447
Let l(v) be the third derivative of -11*v**4